))?
11
What is the value of -4 - ((-9 + 4 + -4 - 20) + -7)?
32
(6 - (20 + -10)) + 0
-4
Calculate -4 - 6 - (-3 - (3 + 0 + -1)).
-5
12 + (-18 - -10 - 6)
-2
What is 0 - -1 - (-5 - -15) - -10?
1
Calculate -27 + 19 - -23 - (-2 + -7).
24
-11 + 4 - -6 - -14
13
Calculate -37 - (-3 + (-10 - 49)).
25
Evaluate -3 - (14 + 2 + -15 - -16).
-20
Evaluate 29 - (-4 - (10 + -28)).
15
What is the value of 1 - (18 + -21) - -1 - (24 - -1)?
-20
What is (-11 - -39) + -30 + (-3 - 0)?
-5
Calculate 4 - 6 - (10 + -8).
-4
What is -35 + 61 - 15 - (-1 - -20)?
-8
Evaluate 0 + -3 + 10 - (6 + -16 + 15).
2
What is the value of -5 + -4 - (-22 + 14)?
-1
Evaluate -2 - (0 + 6 + -4 + -4 - 4).
4
12 + (-9 - (9 - 18 - -16 - 21))
17
Evaluate -1 + -12 + 21 + 5.
13
10 + -4 + -18 + (-6 - -4) + 2
-12
What is the value of -331 + 344 - (2 - -3)?
8
What is the value of -19 + (-8 - 3) + 16?
-14
What is the value of 3 + 29 + -29 + -29?
-26
Evaluate 7 + -4 - (-4 + -11 - -6 - 11).
23
What is 0 + -8 + -15 + (-25 - -61) - 6?
7
What is 0 + (-9 - 2 - (20 - 22))?
-9
What is the value of 20 + (-7 - (6 - 10) - -7 - 11)?
13
Calculate (1 - (3 - 7)) + 6 - -11.
22
What is (19 - 17) + (-1 - -3 - (44 - 14))?
-26
-16 - ((-10 - -3) + 4)
-13
Calculate -2 + 1 - 1 - 10 - (166 + -167).
-11
What is the value of (0 - (10 + -2 - 8 - -1)) + -23?
-24
What is -2 + -1 - (11 - -25 - 27)?
-12
What is (3 + 0 - (0 + -5)) + -19 + -5?
-16
What is -5 + -9 + 15 - ((-4 - -4) + 1)?
0
What is the value of -5 + (14 - 25) - -6?
-10
Evaluate -7 + (-41 - -70) + -4 + -2.
16
What is the value of -3 - (-2 + 0) - 7 - (-2036 + 2012)?
16
What is the value of 6 + (-3 - -2) - (-25 + 9 + 6)?
15
What is 10 + 3 + -3 + (124 - 125)?
9
Calculate (0 - 3) + (40 - 33) + (1 - 2).
3
9 + (-8 - (5 - 13)) + 10
19
-69 + -45 + 59 + 42
-13
What is the value of -2 + 7 - (-2 + 9 - (-12 + 14))?
0
6 - (-6 + (3 - -4) + -6)
11
What is the value of -298 - -302 - (-2 + 9)?
-3
Calculate -3 - (15 - (46 - 15)).
13
Evaluate (24 - 11) + 6 + -14.
5
-25 + (12 - (23 + -12 - 4))
-20
What is 83 - 53 - (15 - -6)?
9
(-19 - -10) + -5 + 10
-4
(-4 + 2 - 1) + -25 + 30 + 3
5
What is the value of 63 + -53 - (5 - 1)?
6
(-4 - (0 - -4 - (-15 - -22))) + 16
15
What is 2 + (12 - 4) + 23 + (9 - 26)?
16
What is -13 + 5 + (8 - 7) + -4 + 0?
-11
Evaluate -28 + 27 + (-2 + 1 - 0) + -1.
-3
Calculate -3 + -2 + (-9 - -9) - (28 - 13).
-20
What is the value of -6 + (4 + (-23 - 2) - -10)?
-17
What is the value of 5 + (-30 - (-18 - -9))?
-16
What is the value of -28 + (60 - 31 - -4)?
5
(41 - 53) + 35 + -43
-20
Calculate -6 - (23 + (-4 - 8)).
-17
What is (32 + -23 - -15) + -26?
-2
What is the value of (1 - 0 - 1) + (-13 + -13 - -14)?
-12
Evaluate (-6 - 2 - 1) + 17.
8
Evaluate 2 + (9 - 20 - (-1 + 2)).
-10
-175 + 179 - (15 + -1)
-10
What is the value of 7 + (56 - (-10 - -39))?
34
Evaluate 29 + (-31 - 21) + -1.
-24
What is the value of (-34 - -9) + 6 + 21?
2
What is -63 - -61 - (3 - 14) - (0 - -1)?
8
Evaluate -6 + (0 + -3 - (-5 - 0)) - 4.
-8
What is the value of 0 - (35 - 29 - 31)?
25
What is the value of (-41 + 55 - (-2 - 0)) + 3?
19
Evaluate -7 + ((6 - 14) + (5 - 0) - 11).
-21
What is the value of 6 + ((9 - 14) + 6 - 5)?
2
Evaluate 13 + (10 - (15 + 8)) + 14.
14
6 + -3 + (-2 - -2) + -1 - 16
-14
(-3 - (-6 - 3 - -3) - 5) + 0
-2
Calculate (-2 + -6 - -27) + 1 + 1 + -3.
18
Evaluate (-16 - -3 - -24) + (-25 - (4 + -8)).
-10
What is (-6 - 1) + -6 + 13?
0
What is the value of (-277 - -267) + -12 + -4 + 2?
-24
-55 + 43 + (-12 - 3)
-27
-5 + -2 + -54 + 72
11
What is 18 + (13 - 39) - (-12 - 1)?
5
What is -2 + 3 + -5 + 12 + 4 + -22?
-10
What is the value of -1 + -48 + (-313 - -337)?
-25
Evaluate (0 - -6) + (-1 - 38 - (-61 - -45)).
-17
Calculate -6 + (10 - (7 - -12) - -9) - -6.
0
What is 2 + 7 + (49 - 59) + 15?
14
Evaluate -28 + (27 - 0) - -33.
32
Calculate -13 + 18 + -2 + (0 - 22) + 9.
-10
What is -5 + 0 - (29 - 16 - 36)?
18
Calculate -12 - (-5 + -44 + 50 + (1 - 1)).
-13
10 + -3 + -7 - (-4 - -1) - -1
4
What is (-8 - (-10 - -10)) + 34 + (-3 - -7)?
30
-5 + 0 - (8 - 26 - -8) - -8
13
Evaluate (15 - 5 - 3) + -6 - 1.
0
What is the value of -1 - (10 + -14 + 5) - (-21 - -1)?
18
What is (2 - (-4 - -8)) + 3 + 4?
5
What is the value of (21 - -33) + -21 - 31?
2
What is the value of (-1 - 6) + (-7 - ((-21 - -6) + -11))?
12
15 + (-12 - -12) + -15 - (15 - -1)
-16
18 - (33 + -15 + -8)
8
Evaluate -142 + 138 - (-24 + 1 + -2).
21
Calculate 3 + -5 - (11 + -25 + 25).
-13
Evaluate 9 - (3 - -12) - (-28 - 1).
23
What is the value of -18 - ((27 - 18) + -18)?
-9
What is the value of -5 + 21 + -9 + -2?
5
Evaluate 12 - ((-21 - -9) + 20).
4
Evaluate -2 + -24 + (152 - 122).
4
What is the value of (18 - ((-7 - -3) + 1)) + -3?
18
What is -1 - 12 - (-7 + -8)?
2
Evaluate 1 - -5 - (30 + -32).
8
What is the value of (0 - 15) + 14 + -8 - -3?
-6
Evaluate (10 - (15 - 4)) + (8 - 9) + -18.
-20
What is (-22 - (-3 - 4)) + -6 + 13 + -1?
-9
Calculate 15 + -7 + 0 + 16 + -13 - -7.
18
Evaluate -3 - ((-569 - -574) + -7 + 0 + 0).
-1
-28 - -31 - (1 - 2) - 20 - -6
-10
(23 - 10 - 27) + -1 + 15
0
What is (-9 - (-4 - -10) - -9) + 16?
10
-49 + 54 + 0 - (17 - (1 - 1))
-12
Evaluate -11 - (-34 - (-55 + 33)).
1
Evaluate (3 - 6) + 33 + (-5 + -5 - -17).
37
Calculate -5 + -4 + ((4 - 6) + 4 - 1).
-8
Evaluate -10 + (33 - 0 - (14 + -7)).
16
Calculate (385 - 357) + -14 + 1.
15
What is the value of -17 + 6 + 0 + 8?
-3
Evaluate -2 + -13 + 10 - (2 - 1) - 17.
-23
Calculate -8 + (-26 - -34 - (2 - 5)).
3
Evaluate (18 - 20 - -7) + (2 - 4) + -9.
-6
Evaluate -14 - (-1 - 0) - (188 - 196).
-5
What is 11 + -23 + 8 + -10?
-14
What is the value of -4 + (12 + (-17 - -9) - (-2 - -11))?
-9
Evaluate (3 - (-7 - 0 - -12)) + (8 - 1).
5
-28 + 16 + 21 + (-1 - 0)
8
Calculate 3 + (10 - (-8 + 21) - -13).
13
What is the value of -6 + -1 + 28 + (-39 - -10)?
-8
Evaluate 61 + -78 + (33 - (-7 - 0)).
23
Calculate -1 - -7 - (23 - 8).
-9
What is the value of (1 - ((-23 - -10) + 4 + 15)) + 32?
27
Evaluate 15 + -6 + 5 - 9.
5
What is -10 + (6 + -10 - -14) - (0 - 6)?
6
29 + -12 + (24 - 34)
7
What is -1 + 1 + -3 + -4 + (3 - 4)?
-8
Evaluate (7 - 1) + (-320 - -311).
-3
Evaluate -8 - (-11 - 12) - 8.
7
Evaluate 114 - 116 - (0 + 0).
-2
What is 86 + -76 - (0 + 22) - -14?
2
Evaluate -207 + 187 - (-1 - 4).
-15
What is the value of 33 + (-69 - -29) + (2 - 8)?
-13
Evaluate 33 + (1 + -33 - -23).
24
What is the value of 252 - 255 - (2 + 2 - (-1 + 2))?
-6
What is -4 + 0 - (20 - (-9 + -5 + 20))?
-18
What is (-8 - 4 - -19 - (1 - 2)) + 15?
23
What is 6 - (-8 - (-10 + 13 - 5))?
12
Evaluate (4 - -3) + -31 + 17 - -7.
0
What is the value of -5 + 1 + (13 - 10) - (0 - 0)?
-1
-19 + (15 - (-10 - 3))
9
What is 1038 + -1050 - (-1 + -20)?
9
What is (9 - 3) + (-9 - 4)?
-7
Evaluate -36 - -32 - (1 + -4) - 13.
-14
53 + -46 + 24 + (1 - -1) + 0
33
(-1 - -8 - -3) + -4 + (4 - 6)
4
Evaluate -12 + 3 - (-8 + 9).
-10
-43 + 23 + -5 - -7
-18
43 + -18 + 16 + -23
18
Calculate (56 - 47 - (3 + 2)) + -27.
-23
Evaluate -4 + (5 - 2) + 8 + 1.
8
3 + 8 + -52 + 22
-19
Calculate -10 - (41 + -52 + 19 + (-1 - -15)).
-32
Evaluate -3 - -2 - -25 - (5 - -3) - 3.
13
Calculate (-29 - (-26 + 1)) + 30.
26
220 - 216 - (8 - -1) - 8
-13
Evaluate 44 + -47 - ((-11 - 0) + -2 - -1).
9
What is the value of -16 + -1 + 101 + -66?
18
What is -2 + (6 + -13 - -4)?
-5
What is 38 + ((16 - 8 - 22) + 10 - 6)?
28
Evaluate -20 + 2 + -3 + -7 + (12 - 1).
-17
Calculate -5 + 1 + -2 + -3 + 4 + -5.
-10
Calculate -12 + -1 + 6 + 6 - (-14 - -12).
1
Calculate 5 + 5 - (-3 + 22).
-9
What is ((-1 - -3 - 4) + 0 - 3) + 5?
0
Calculate -4 - (2 - (18 + -12)).
0
Calculate -160 - -147 - (-16 + 5 + 0).
-2
Calculate -35 + 20 - 18 - -23.
-10
What is -20 + -7 + 13 - -7?
-7
What is -13 + 8 + -13 + 34?
16
(38 - (35 + -16)) + -30
-11
Evaluate 1 + 1 - (-7 - -19 - 9).
-1
What is the value of -55 + 23 + 22 + (30 - (2 + -1))?
19
58 + -45 + 30 - 36
7
Evaluate 1 + (16 + -2 - 0) + 1455 + -1463.
7
(1 - 16) + -3 - -4 - -11
-3
What is -8 + -2 + 13 + 0 + -1?
2
-7 - ((-2 - (0 - -31)) + -1 + 9)
18
What is (-11 - (9 + -16 - 14)) + 0?
10
What is -27 + 24 + -4 + 14 - 9?
-2
-4 - (-4 + 5 + -13)
8
What is the value of -11 + -6 + -3 + 31?
11
What is the value of (-4 + -4 - -6 - 0) + (20 - 3)?
15
What is 28 + -5 + -6 + (18 - 9)?
26
Evaluate 2 + (5 - 26) - -9.
-10
Calculate (30 - 52) + 29 + 15.
22
-16 + (12 + -15 - -10)
-9
What is 32 - (21 + -8 - -7)?